rs of 150?
2, 3, 5
List the prime factors of 71723.
17, 4219
List the prime factors of 13002.
2, 3, 11, 197
List the prime factors of 38248.
2, 7, 683
List the prime factors of 1303.
1303
List the prime factors of 2537.
43, 59
List the prime factors of 138167.
31, 4457
What are the prime factors of 263?
263
What are the prime factors of 1073?
29, 37
What are the prime factors of 16233?
3, 7, 773
List the prime factors of 6892.
2, 1723
What are the prime factors of 1899?
3, 211
List the prime factors of 4060.
2, 5, 7, 29
List the prime factors of 5192.
2, 11, 59
What are the prime factors of 54761?
7, 7823
What are the prime factors of 47800?
2, 5, 239
List the prime factors of 12821.
12821
List the prime factors of 22145.
5, 43, 103
What are the prime factors of 28720?
2, 5, 359
List the prime factors of 138099.
3, 13, 3541
List the prime factors of 4194.
2, 3, 233
What are the prime factors of 2749?
2749
What are the prime factors of 373?
373
What are the prime factors of 27?
3
List the prime factors of 14594.
2, 7297
List the prime factors of 32254.
2, 16127
What are the prime factors of 158?
2, 79
What are the prime factors of 720?
2, 3, 5
List the prime factors of 9297.
3, 1033
List the prime factors of 35849.
11, 3259
What are the prime factors of 145?
5, 29
What are the prime factors of 337?
337
List the prime factors of 63865.
5, 53, 241
What are the prime factors of 2813?
29, 97
What are the prime factors of 16494?
2, 3, 2749
What are the prime factors of 29461?
17, 1733
List the prime factors of 168915.
3, 5, 11261
What are the prime factors of 497?
7, 71
List the prime factors of 4961.
11, 41
What are the prime factors of 117292?
2, 7, 59, 71
What are the prime factors of 1661?
11, 151
What are the prime factors of 857?
857
What are the prime factors of 2512?
2, 157
List the prime factors of 3394.
2, 1697
List the prime factors of 920.
2, 5, 23
What are the prime factors of 5883?
3, 37, 53
List the prime factors of 6706.
2, 7, 479
What are the prime factors of 7206?
2, 3, 1201
List the prime factors of 7823.
7823
What are the prime factors of 260?
2, 5, 13
List the prime factors of 31951.
89, 359
List the prime factors of 1341.
3, 149
What are the prime factors of 1194?
2, 3, 199
What are the prime factors of 32020?
2, 5, 1601
List the prime factors of 24244.
2, 11, 19, 29
What are the prime factors of 929?
929
List the prime factors of 16994.
2, 29, 293
List the prime factors of 2109.
3, 19, 37
List the prime factors of 11470.
2, 5, 31, 37
What are the prime factors of 836?
2, 11, 19
List the prime factors of 2256.
2, 3, 47
List the prime factors of 22906.
2, 13, 881
List the prime factors of 5104.
2, 11, 29
What are the prime factors of 3858?
2, 3, 643
List the prime factors of 15298.
2, 7649
What are the prime factors of 118691?
118691
List the prime factors of 19862.
2, 9931
What are the prime factors of 385?
5, 7, 11
What are the prime factors of 6341?
17, 373
What are the prime factors of 56934?
2, 3, 3163
What are the prime factors of 28418?
2, 13, 1093
What are the prime factors of 4422?
2, 3, 11, 67
What are the prime factors of 112690?
2, 5, 59, 191
What are the prime factors of 31?
31
What are the prime factors of 9155?
5, 1831
What are the prime factors of 209057?
19, 11003
What are the prime factors of 12606?
2, 3, 11, 191
List the prime factors of 1435.
5, 7, 41
List the prime factors of 94936.
2, 11867
List the prime factors of 6858.
2, 3, 127
List the prime factors of 991.
991
What are the prime factors of 133394?
2, 66697
List the prime factors of 13951.
7, 1993
What are the prime factors of 3989?
3989
What are the prime factors of 1946?
2, 7, 139
What are the prime factors of 2802?
2, 3, 467
List the prime factors of 8482.
2, 4241
List the prime factors of 135219.
3, 7, 47, 137
List the prime factors of 3306.
2, 3, 19, 29
List the prime factors of 619.
619
What are the prime factors of 15958?
2, 79, 101
List the prime factors of 420.
2, 3, 5, 7
What are the prime factors of 6136?
2, 13, 59
List the prime factors of 15041.
13, 89
What are the prime factors of 122211?
3, 37, 367
List the prime factors of 9011.
9011
List the prime factors of 2682.
2, 3, 149
List the prime factors of 6779.
6779
What are the prime factors of 4527?
3, 503
What are the prime factors of 2730?
2, 3, 5, 7, 13
List the prime factors of 70.
2, 5, 7
List the prime factors of 6502.
2, 3251
List the prime factors of 11902.
2, 11, 541
What are the prime factors of 278?
2, 139
What are the prime factors of 43160?
2, 5, 13, 83
List the prime factors of 6548.
2, 1637
List the prime factors of 18767.
7, 383
List the prime factors of 1486.
2, 743
What are the prime factors of 1607?
1607
What are the prime factors of 1268?
2, 317
List the prime factors of 8826.
2, 3, 1471
What are the prime factors of 693?
3, 7, 11
What are the prime factors of 629?
17, 37
List the prime factors of 101955.
3, 5, 7, 971
List the prime factors of 633.
3, 211
List the prime factors of 18862.
2, 9431
What are the prime factors of 2804?
2, 701
List the prime factors of 15689.
29, 541
What are the prime factors of 58022?
2, 67, 433
What are the prime factors of 8594?
2, 4297
List the prime factors of 2582.
2, 1291
What are the prime factors of 3168?
2, 3, 11
List the prime factors of 1078.
2, 7, 11
List the prime factors of 5754.
2, 3, 7, 137
List the prime factors of 656.
2, 41
What are the prime factors of 39665?
5, 7933
List the prime factors of 20623.
41, 503
List the prime factors of 464.
2, 29
What are the prime factors of 4067?
7, 83
List the prime factors of 5220.
2, 3, 5, 29
What are the prime factors of 980?
2, 5, 7
What are the prime factors of 25202?
2, 12601
What are the prime factors of 1005?
3, 5, 67
What are the prime factors of 9469?
17, 557
List the prime factors of 1711.
29, 59
List the prime factors of 1461.
3, 487
List the prime factors of 17076.
2, 3, 1423
List the prime factors of 2057.
11, 17
List the prime factors of 1903.
11, 173
List the prime factors of 3082.
2, 23, 67
List the prime factors of 4317.
3, 1439
What are the prime factors of 71875?
5, 23
What are the prime factors of 1624?
2, 7, 29
What are the prime factors of 262?
2, 131
What are the prime factors of 12281?
12281
List the prime factors of 838.
2, 419
List the prime factors of 20293.
7, 13, 223
What are the prime factors of 49321?
31, 37, 43
List the prime factors of 201149.
13, 15473
What are the prime factors of 2650?
2, 5, 53
What are the prime factors of 154?
2, 7, 11
List the prime factors of 78.
2, 3, 13
What are the prime factors of 3645?
3, 5
What are the prime factors of 8991?
3, 37
What are the prime factors of 1339?
13, 103
What are the prime factors of 637?
7, 13
What are the prime factors of 39622?
2, 11, 1801
List the prime factors of 5763.
3, 17, 113
List the prime factors of 1781.
13, 137
What are the prime factors of 2416?
2, 151
What are the prime factors of 5834?
2, 2917
List the prime factors of 1403.
23, 61
What are the prime factors of 288?
2, 3
List the prime factors of 5369.
7, 13, 59
What are the prime factors of 612?
2, 3, 17
List the prime factors of 4072.
2, 509
List the prime factors of 40215.
3, 5, 7, 383
List the prime factors of 98379.
3, 17, 643
What are the prime factors of 549?
3, 61
List the prime factors of 14389.
14389
List the prime factors of 5908.
2, 7, 211
What are the prime factors of 31768?
2, 11, 19
What are the prime factors of 1564?
2, 17, 23
What are the prime factors of 24076?
2, 13, 463
List the prime factors of 5148.
2, 3, 11, 13
List the prime factors of 1756.
2, 439
What are the prime factors of 9063?
3, 19, 53
What are the prime factors of 818?
2, 409
List the prime factors of 703.
19, 37
What are the prime factors of 45223?
41, 1103
List the prime factors of 4740.
2, 3, 5, 79
What are the prime factors of 108887?
108887
What are the prime factors of 2279?
43, 53
What are the prime factors of 42151?
61, 691
What are the prime factors of 6405?
3, 5, 7, 61
What are the prime factors of 339?
3, 113
What are the prime factors of 4667?
13, 359
List the prime factors of 365.
5, 73
List the prime factors of 19224.
2, 3, 89
List the prime factors of 1402.
2, 701
What are the prime factors of 5598?
2, 3, 311
List the prime factors of 36